53 = 2*y. Let n be y/(-3) + (-8)/12. Let m = 267 + n. List the prime factors of m.
3, 43
Let x be (-4)/(-14) - (-120)/(-28). Let u be (-2)/x*(1 + 1). Let g(d) = 131*d - 5. What are the prime factors of g(u)?
2, 3, 7
Let g be (-54243)/(-98)*40/6. Suppose -3*s + g = 6*s. List the prime factors of s.
2, 5, 41
Let b = 5221 - 4719. List the prime factors of b.
2, 251
Let i(w) = -2*w**2 - w + 99. Let u be i(0). Let q = -96 + u. Suppose q*p + 0*p + 121 = 2*m, -47 = -m - 3*p. What are the prime factors of m?
2, 7
Suppose 2*f - 24204 = 40148. What are the prime factors of f?
2, 2011
Let z(w) = 712*w**2 + 5*w + 6. Let u be z(-1). Let f = u - 420. What are the prime factors of f?
293
Let q be (-75)/(-18) + (4/2)/(-12). Let u(i) = -22*i - 10*i**2 - q - i**3 - 24*i - 3*i**2 + 44*i. What are the prime factors of u(-13)?
2, 11
Suppose -45 = 5*m - 55. Suppose -430 = -2*o + 2*u, 0 = 4*o - 4*u + m*u - 864. List the prime factors of o.
7, 31
Suppose -103 + 91 = -4*h. Suppose g - h = -0. Suppose 5*x = 2*r + 515, g*x + 0*r - 5*r = 290. What are the prime factors of x?
3, 5, 7
Let b(h) = 53*h**3 + 33*h**2 - 7*h + 224. What are the prime factors of b(11)?
7, 47, 227
What are the prime factors of (-9 - (-2508)/24)/(4/80)?
2, 5, 191
Let f = -13038 - -21038. What are the prime factors of f?
2, 5
Suppose 4*b - 295675 = m, 2*b - 46380 = 5*m + 101489. What are the prime factors of b?
3, 43, 191
Suppose 10*y + 2220 = 16*y. Let a = -250 + y. What are the prime factors of a?
2, 3, 5
Suppose -406 = -3*h - 361. Suppose h*q + 2949 = 18*q. List the prime factors of q.
983
Suppose a = -5*j + 18648, -20*j + a + 18642 = -15*j. List the prime factors of j.
3, 11, 113
List the prime factors of (-86 + 21964)*(-2 - -3 - 0).
2, 10939
Let v(p) = 2*p - 64. Let i be v(-5). Let d = 335 + i. List the prime factors of d.
3, 29
Let a = 35 + -32. Suppose 2*p - 5*m = -0*p + a, 4*p = 4*m + 12. List the prime factors of 79*(-2)/1*(-2)/p.
79
Suppose -3001 = 4*i - 305. Let d = i + 974. Suppose -19*j = -15*j - d. List the prime factors of j.
3, 5
Let a(d) = 9 - 3*d + 8 - 3 + d**2 - 11 + 6*d**3. Let n be a(1). Suppose -6*h + n*h = 164. List the prime factors of h.
2, 41
Let v be 16/104 + (-100)/(-26). Let z = v - -41. Suppose 0 = 4*t - 4*s - 176, -z = 5*t + 4*s - 247. What are the prime factors of t?
2, 3, 7
Suppose 0*s = -7*s + 217. Let y = s + -29. Suppose 159 = 3*g - 0*g + j, y*g - 4*j = 120. List the prime factors of g.
2, 3
Let w(g) = -g + 11. Let m be w(9). Suppose -285 - 65 = -m*j. Let r = j - 114. What are the prime factors of r?
61
Suppose 5*r - 26036 = 2*y, -6*r + 4*y + 2895 = -28345. List the prime factors of r.
2, 3, 7, 31
Suppose 4*y - 4*u - 17543 - 2045 = 0, 5*u = -30. What are the prime factors of y?
67, 73
Suppose -8*m - 22 = -30*m. What are the prime factors of (-16)/(-40) - (4496/(-10))/m?
2, 3, 5
Let k(j) = 5*j**2 - 48*j - 488. What are the prime factors of k(-15)?
23, 59
Suppose -d + 2835 = -3*a, -8*d - a = -13*d + 14105. What are the prime factors of d?
2, 3, 5, 47
What are the prime factors of (-4)/(-10) - (4010556/(-60))/11?
59, 103
Suppose 5*y - 2*g - 4248 = 0, 7 = -3*g + 10. Let t = -137 - -289. Suppose y = 157*i - t*i. List the prime factors of i.
2, 5, 17
Let r = -46 - -90. Suppose -2*m - r + 552 = 0. Suppose m = l + 151. List the prime factors of l.
103
Let k = 383 + -382. List the prime factors of 1482*(-40)/(-150) + k/(-5).
5, 79
Suppose -r = 5*v - 83838, -28*r + 30*r + 14 = 0. List the prime factors of v.
41, 409
Let h(k) = -k**3 + 104*k**2 - 104*k - 226. List the prime factors of h(102).
2, 4987
Let c = -4124 + 8289. List the prime factors of c.
5, 7, 17
Let z = 59605 + -31908. List the prime factors of z.
27697
Let h(u) = u**3 - 3*u - 2. Let b be h(-3). Let t(j) = -2*j**2 - 30*j - 92. Let g be t(-7). Let s = g - b. What are the prime factors of s?
2, 5
Let n be (-22024)/(-36) + 12/54. Suppose -6*a + 1398 + n = 0. What are the prime factors of a?
5, 67
Let q(j) = -6*j**3 - 8*j**2 + 2*j + 4. Let l be 5 - 0 - 1 - -9. Suppose -l*d + 4 = 43. List the prime factors of q(d).
2, 11
Suppose 7640 = m + 4*g + 2021, m - 5617 = -3*g. List the prime factors of m.
31, 181
List the prime factors of (-7836)/(9 - 105/10).
2, 653
Let h = -13801 + 24705. What are the prime factors of h?
2, 29, 47
Let a = -3105 - -5010. What are the prime factors of a?
3, 5, 127
Let b = 18783 - -4484. What are the prime factors of b?
53, 439
Suppose 23*b - 1296 = 199. Suppose b*o = 63*o + 822. List the prime factors of o.
3, 137
Let x(t) = -4*t**3 - 2*t**2 - 13*t - 11. Let z(k) = -2*k**3 - k**2 - 6*k - 6. Let s(c) = 4*x(c) - 9*z(c). What are the prime factors of s(3)?
79
Suppose 5*y - 3*n + 16164 - 49365 = 0, -4*y + 4*n = -26564. What are the prime factors of y?
3, 2213
Let q(x) = 73*x + 44. Let a be -7 - (-9 + 10 - 26). What are the prime factors of q(a)?
2, 7, 97
Let h(n) = -7*n - 1 + 2*n + 606*n**2 - 565*n**2. What are the prime factors of h(-4)?
3, 5
Let g = 4401 + -176. What are the prime factors of g?
5, 13
Let c = -215 - -689. Let o = -121 + c. What are the prime factors of o?
353
Suppose 0 = 8*c - 530965 - 36139. List the prime factors of 5/70 + c/112.
3, 211
Let m be (3 + -3)/(3 - 2). List the prime factors of ((-492)/(-7))/(8/28) - m.
2, 3, 41
Let c(b) = 3*b**2 - 5*b + 34. Let t be c(13). List the prime factors of t - ((-6)/(-27) - 8/36).
2, 7, 17
Let r be 3/6 + 331/2. Let q = r + 26. What are the prime factors of q?
2, 3
List the prime factors of (2 - 3)*255/425 + (-19178)/(-5).
5, 13, 59
List the prime factors of ((-11)/(605/(-132)))/((-13)/(-266760)).
2, 3, 19
Let v(x) = -4*x**3 - 3*x**2 + 12*x - 17. Let m = 54 + -61. Let z be v(m). Suppose z = -13*l + 2996. What are the prime factors of l?
2, 3
Suppose -251861 + 56549 = -13*s. List the prime factors of 52/338 + s/26.
2, 17
Suppose 5*o - 5*z = 67590, 8*o - 13*o + 3*z = -67586. List the prime factors of o.
2, 31, 109
Suppose -r + n = -27598, -94*r + 92*r + 4*n + 55210 = 0. What are the prime factors of r?
3, 17, 541
Let o(y) = y**3 - 5*y**2 - 5*y - 9. Let x be o(7). Suppose -x = -7*k + 2. Suppose k*c = 5*c + 378. What are the prime factors of c?
2, 3, 7
Let i(r) = 2*r**2 + 4*r + 63. Let x(z) = z**3 - z**2 + 7*z + 8. Let m be x(-2). What are the prime factors of i(m)?
3, 71
Let l(i) = 12*i - 3. Let s(j) = 13*j - 2. Let r(q) = 3*l(q) - 2*s(q). Let w be r(3). Let p(h) = -h**2 + 32*h + 42. List the prime factors of p(w).
7, 31
Suppose -21*j + 8 = -20*j. Suppose -3*w = 4*m - j, m = -4*m + 4*w + 41. Let o = 36 - m. List the prime factors of o.
31
Suppose 2*f = -5*s + 11, -5*f - 5*s + 1 = -19. Suppose f*h - 3*k - 696 = 0, 0*h - 2*h - 3*k + 449 = 0. List the prime factors of h.
229
Let y = 13898 + -8647. List the prime factors of y.
59, 89
Suppose -z + 3*m = 0, -26*z + 24*z + 3*m = -3. Suppose -z*y - 4*h + 289 + 1794 = 0, y - 706 = h. List the prime factors of y.
701
Suppose -i = -4*d + 143409, 2*i - 143394 = -17*d + 13*d. List the prime factors of d.
35851
Suppose 3*o = 24 - 12. Suppose 4*l + 4*k = -o, 0*l + k = l - 9. What are the prime factors of l*14*-1*-1?
2, 7
Let m = 50 + -39. Suppose l + 3*n = -m, -l + 3*n = -2 - 5. What are the prime factors of ((-36)/(-8))/(l/(-16))?
2, 3
Suppose 0 = -10*i + 28 - 7838. Let x = -464 - i. List the prime factors of x.
317
Let l(q) = -2505*q - 3169. List the prime factors of l(-5).
2, 2339
Let c(z) be the second derivative of -17*z**3 - 6*z**2 - 2*z. Let d be c(-3). Suppose 0 = -o - o + d. List the prime factors of o.
3, 7
Suppose -1997239 - 1719137 + 1476753 = -27*c. What are the prime factors of c?
109, 761
Let x(a) = -19*a**3 + 17*a**2 + 122*a + 10. What are the prime factors of x(-8)?
2, 5, 197
Suppose 5*r + 4*w = 58, -4*r - w - 28 = -7*r. Suppose 0*p + r*p - 40 = 0. List the prime factors of 88*((-296)/(-288) + p/18).
2, 5, 11
Let a(c) be the second derivative of -13*c**3/6 - 75*c**2/2 + 64*c. What are the prime factors of a(-7)?
2
Suppose 259*u - 63096 = 257*u - 10536. What are the prime factors of u?
2, 3, 5, 73
Let m(b) = 6*b - 49. Let d be m(9). Suppose c = -d*c + 306. Let s = c - -25. What are the prime factors of s?
2, 19
Let f = 46647 + -32299. List the prime factors of f.
2, 17, 211
Let w = -64 - -70. Let m = -304 - -709. Suppose 4*v - 5*d - m = 0, 8*v - w*v - 4*d - 204 = 0. List the prime facto